-30)/(-25))/((-3)/(-10))*-12. Let z = 63 + n. Suppose -2*j + z - 3 = 0. Let b(t) = t**3 - 6*t**2 - 3*t + 9. Give b(j).
-9
Let v(g) be the second derivative of g**5/20 + 35*g**4/12 + 31*g**3/6 - 77*g**2/2 - 4318*g. What is v(-34)?
25
Let j(w) = -22*w - 72. Suppose 0 = -2*s - 4*m + 22, 0 = 61*m - 59*m - 14. What is j(s)?
-6
Let l(o) = o**3 - 17*o**2 + 29*o - 1. Let u be l(16). Let c = u + -207. Let t(g) = -g**3 + g - 6. Give t(c).
-6
Let r(t) = t**2 + 9*t + 8. Let f(z) = z**2 - 22*z + 32. Let m be (40/6)/(4 + (-76)/18). Let g be (-6)/(4/(-12)*(-27)/m). Let i be f(g). Calculate r(i).
0
Let i(s) = s - 5*s + 5 + 3*s. Let a = 50996 + -50986. Give i(a).
-5
Let r(y) = -y + 3352 + 140*y**2 - 3352 - 2*y**3 - 4*y - 144*y**2. What is r(-2)?
10
Let w = -13 - -15. Let x(o) = o + 2*o**w - o**2 + 6 - 3*o + o. Calculate x(0).
6
Let n(r) be the third derivative of -r**5/30 + 5*r**4/12 + 62*r**3/3 - 184*r**2. Let x(w) be the first derivative of n(w). Determine x(4).
-6
Let z(x) = -2*x**2 - x - 1. Suppose -3*w - 30 = -a, 6*a - 18 = w + 3*a. Let f(b) = b**2 + 15*b + 52. Let l be f(w). Calculate z(l).
-7
Let v(h) = 25*h + 10. Let b(u) = -40*u - 18. Let w(o) = -4*b(o) - 7*v(o). Determine w(-3).
47
Let b = -4 + 2. Let w(s) = 47*s + 3. Let h(t) be the first derivative of 129*t**2/2 + 8*t + 195. Let f(n) = 4*h(n) - 11*w(n). What is f(b)?
1
Let u(l) = l**2 - 10*l - 14. Suppose 4*h - 5*a = 655, 0*h + 172 = h - 4*a. Let f = 170 - h. What is u(f)?
-14
Let y(q) = -4*q - 20. Let k(a) = 3*a + 19. Let l(m) = -3*k(m) - 2*y(m). Let h be 441/196*8/3. Let b be h/(-7) + 114/133. Calculate l(b).
-17
Let m(y) = 4*y**2 - 4*y. Let v(r) = 7*r**2 - 9*r. Suppose p = -4*x - 22, 1 - 6 = -5*p + 3*x. Let k(w) = p*v(w) + 5*m(w). Give k(-2).
28
Let p(f) = 2*f**3 + 5*f**2 - 4*f - 12. Let g(q) = q**3 + 5*q**2 - 51*q + 77. Let n be g(3). What is p(n)?
-44
Let v be (0/(1*11/(-11)))/((-1)/(-1)). Let o(n) = n**3 + n**2 + 2*n - 23. Determine o(v).
-23
Let y = -376 + 602. Let m = y - 223. Let v(b) = b**2 - 4*b + 2. What is v(m)?
-1
Let m(d) = 4*d**2 - 12*d - 1. Let b(i) = i**2 - 2*i. Let n(p) = -3*b(p) + m(p). Let t = 36 - 31. Calculate n(t).
-6
Let c(v) be the second derivative of -v**3/2 + 5*v**2/2 - v. Let j = -46722 - -46727. Determine c(j).
-10
Suppose 0 = -211*u - 69 - 142. Let z(j) = -6*j**3 + 2*j**2 + j. Calculate z(u).
7
Let z = -1466 + 1961. Let q be 5/(-3)*1782/z. Let t(h) be the third derivative of h**6/120 + 7*h**5/60 + h**4/3 - h**3/6 + h**2. Determine t(q).
-13
Let c = -101 - -107. Let n(b) = -4*b**2 - 12 + 3*b**2 + c + 2*b. Suppose -2*r + 9 - 1 = 0. Give n(r).
-14
Let c(u) = u**3 + u**2 - 3*u + 1. Let x = 348 - 347. Suppose 3*w = 17*r - 19*r + x, -4*w + 7 = -3*r. What is c(w)?
0
Let z(t) be the first derivative of -t**4/4 + t**3/2 - t**2 - 42*t + 61. Let d(k) be the first derivative of z(k). Determine d(2).
-8
Let w(l) be the third derivative of -67*l - 8/3*l**3 + 0 - l**2 - 1/12*l**4. Calculate w(7).
-30
Let r(b) be the third derivative of -9*b**2 + 0 + 0*b + 1/3*b**3 + 5/24*b**4. Suppose -29*y = -25*y - 12. Give r(y).
17
Let y(v) be the first derivative of -v**2/2 + 7*v - 756. What is y(12)?
-5
Let r(a) = -7*a - 1. Let t(u) = 33*u + 15. Let w(b) = -5*r(b) - t(b). Suppose 117*v = 112*v + 15. Give w(v).
-4
Let q = 89 - 102. Let m(o) = 5*o**3 + 10*o**2 - o + 14. Let s(c) = -11*c**3 - 21*c**2 + 3*c - 30. Let f(u) = q*m(u) - 6*s(u). What is f(5)?
-2
Let i(b) = -b - 1. Suppose 0 = 2*m - 3*m - 2. Let s(r) = -7*r - 4. Let x(z) = m*s(z) + 18*i(z). What is x(-3)?
2
Let s(o) = 9*o + 11. Let i(l) = 34*l + 41. Let z(c) = 4*i(c) - 15*s(c). Let g = -90 + 91. Calculate z(g).
0
Let w(k) = -2*k - 5. Suppose -34*s = -24*s + 40. Let r be s - ((-6)/(-8) + (-35)/(-28)). Calculate w(r).
7
Let d = 23508 + -23517. Let n(x) = x**2 + 5*x - 28. What is n(d)?
8
Let d(i) = 41*i + 3. Let w(l) = 6*l**2 - 50*l + 14. Let q be w(8). Calculate d(q).
-79
Let h(b) = b**2 - 9*b - 6. Let t(p) = p**2 + 44*p - 170. Let v be t(4). Let c be v/2 + 3/((-3)/2). Calculate h(c).
-6
Let q be (4/(-16)*-2)/(2/12). Suppose z = -d + 15, q*d + d = 4*z - 28. Suppose -10*k = z + 9. Let l(g) = -2*g**2 + 3*g + 2. Determine l(k).
-12
Suppose -51 = -6*a + 39. Suppose 4*q - a = -11*q. Let c(u) = -3*u + 2 + 2*u**2 + q - 6 + u**3 + u**2. Calculate c(-3).
6
Let q(o) = o**3 - 27*o**2 + 16*o - 83. Let u be q(26). Let g = u - -347. Let v(z) = -z**2 + 5*z - 2. Determine v(g).
2
Let j = 35489 - 35486. Let y(c) be the first derivative of 2*c**3/3 - 3*c + 2. What is y(j)?
15
Let o(b) = -4*b**2 - 54*b + 54. Let p(x) = x**2 + 8*x + 3. Let g(y) = o(y) + 5*p(y). Give g(11).
36
Let c(z) be the first derivative of 1/60*z**5 - 2/3*z**3 - 7*z**2 + 0*z + 5/24*z**4 + 5. Let p(i) be the second derivative of c(i). Calculate p(-5).
-4
Let y(s) = s**2 + 12*s + 24. Let z(q) = -q**2 - 40*q + 3072. Let n be z(-79). Determine y(n).
-3
Let s(i) = -29*i + 26 - 20 + 46*i. Calculate s(-2).
-28
Let t(j) be the first derivative of -219 + 1/4*j**4 - 4*j - 8/3*j**3 + 1/2*j**2. Calculate t(8).
4
Let d(u) = u**2 + 2 + 4*u**2 - 5*u**2 - 518*u**3 - 8*u + 520*u**3. Calculate d(-3).
-28
Let q(b) be the second derivative of 5*b - b**3 + 0*b**2 + 0 - 1/12*b**4. Suppose 14 = -5*l - 21. Calculate q(l).
-7
Let o(n) be the second derivative of n**3/6 - 45*n**2/2 + 2*n - 219. Give o(-13).
-58
Let o be (-27 - -1) + (0 + 7 + 1 - 2). Let w(i) = 4*i**2 + 78*i - 40. What is w(o)?
0
Let p(m) = -m - 9*m**2 + 8*m**2 + 2*m**2. Suppose -153*h + 155*h + 2 = 0. Calculate p(h).
2
Let c(m) = 4*m**2 + 12*m - 28. Let p(f) = -f**3 - 25*f**2 + 123*f + 2515. Let h be p(-26). Calculate c(h).
84
Let g(m) = -m + 8. Let y(w) = -10*w + 32. Let v(k) = 21*k - 65. Let r(i) = 6*v(i) + 13*y(i). Let s(b) = 7*g(b) - 2*r(b). Give s(-4).
0
Let d be (-7)/(-14) - (-18)/4. Suppose 102 = -d*r + 32. Let s be 1/7 + 58/r. Let n(t) = t + 1. Determine n(s).
-3
Let f(o) be the third derivative of 2*o**5/5 + o**4/24 - 1023*o**2. Determine f(-1).
23
Suppose 5*p + 15 = -0*p. Let f be (5 - -10 - 1) + p. Let x(z) = z**3 - 11*z**2 - 3. What is x(f)?
-3
Suppose -53*o - 66*o - 1561 = 224. Let h(f) = -f**3 - 13*f**2 + 26*f - 57. Give h(o).
3
Let u(d) = d - 5. Suppose 0*m = -5*p + m - 327, -3*p - 185 = 5*m. Suppose -53*z + 1084 = -2732. Let j = z + p. What is u(j)?
2
Let o(r) = r**2 + 8*r + 11. Let a = -29319 - -29319. Determine o(a).
11
Let j(s) = 2*s - 17. Let p(w) = -3*w - 17 + 29 + 6 + 0*w. Let d(v) = 5*j(v) + 4*p(v). Give d(-7).
1
Let o(u) be the third derivative of -u**5/30 - 5*u**4/3 + 17*u**3/6 - u**2 - 541. What is o(-18)?
89
Let k be ((-8)/(-14))/((-208)/(-1456)). Let h(g) = 6*g**2 - 10*g - 3. Let y(r) = -5*r**2 + 9*r + 2. Let x(w) = -4*h(w) - 5*y(w). Give x(k).
-2
Let u(i) = -2*i - 5. Suppose 0 = 3*g + 2*g - 20. Let l = -430 - -432. Suppose g*k + 18 = k + l*j, 4*j = 0. Determine u(k).
7
Let b be -19 - -6 - 180/(-9). Let p(x) = x**2 + 42*x - 339. Calculate p(b).
4
Let v(c) = -49*c - 4. Let x(i) = -34*i - 3. Let k(a) = 2*v(a) - 3*x(a). Let j = -30 + 54. Let n be (-34)/8 - (-6)/j. Give k(n).
-15
Let m(s) be the third derivative of -7*s**4/12 - 167*s**3/3 - 299*s**2 + 2*s + 1. Give m(-24).
2
Let i be -4*((-5)/20 - -1) - 0. Let f(c) = 2*c**3 + 2*c**2 - 2*c - 4. Determine f(i).
-34
Let m = 54 + -54. Suppose m = -4*h - 2 + 10. Let y(l) = -4*l**2 + 3*l**2 + 0*l**h - 1 - 4*l**2. Calculate y(2).
-21
Let o(m) be the first derivative of -61*m**2/2 + 167*m - 131. Let h be o(3). Let c(d) = -d**2 - 16*d - 7. Determine c(h).
-7
Let w(k) = k**2 - 12*k - 19. Let f(c) = 13*c - 12. Let b = 156 - 154. Let n be f(b). What is w(n)?
9
Let l(t) = -t**3 + t**2 - 4*t - 2. Suppose 4*f + 12 = 0, -2*j = 75*f - 78*f - 9. Calculate l(j).
-2
Let r(p) = p**2 - 9*p + 106*p - 48*p - 40*p - 9 - 4*p**2. Calculate r(4).
-21
Let s(h) be the first derivative of -16*h + 3*h**3 + 1/4*h**4 - 82 - 11/2*h**2. Calculate s(-10).
-6
Let p(w) = w**2 + 1. Let c(b) = 13*b**3 + 8*b**2 - b + 6. Let q(g) = -c(g) + 6*p(g). Let d(v) = -12*v - 13*v + 44*v - 12*v - 8*v. Let a be d(-1). What is q(a)?
-14
Let t(f) be the first derivative of 2*f**2 - 9*f - 2308. Calculate t(7).
19
Suppose 23*a + 35*a - 54 = 40*a. Let k(d) = -2*d**3 - 2*d**2 + d**3 + 6*d**2 - d**2. Calculate k(a).
0
Let s(m) = -3*m - m**2 - 9 + 4*m + 7. Let i(n) = n + 2. Let v be i(10). Suppose 26*j - 32*j - v = 0. What is s